{"id":5620,"date":"2016-05-25T11:53:22","date_gmt":"2016-05-25T11:53:22","guid":{"rendered":"http:\/\/www.padevage.nl\/?page_id=5620"},"modified":"2025-04-06T08:46:01","modified_gmt":"2025-04-06T08:46:01","slug":"hobbys-van-ole","status":"publish","type":"page","link":"https:\/\/padevage.nl\/?page_id=5620","title":{"rendered":"Hobby,s Ole"},"content":{"rendered":"<table style=\"height: 25px;\" width=\"925\">\n<tbody>\n<tr>\n<td style=\"border-color: #d4d2d2;\">\n<p style=\"text-align: left;\"><span style=\"color: #000000; font-family: arial, helvetica, sans-serif; font-size: 14pt;\">Hallo iedereen<\/span><\/p>\n<p style=\"text-align: left;\"><span style=\"color: #000000; font-family: arial, helvetica, sans-serif;\"><span style=\"font-size: 14pt;\"><span style=\"font-size: 12pt;\"><span style=\"font-size: 14pt;\">Ik ben Ole. Ik ben 13 jaar en<\/span><span style=\"font-size: 14pt;\"> ik heb geen echte hobby,<\/span> <span style=\"font-size: 14pt;\">laat staan hobby&#8217;s. Ik doe wel aan sport.\u00a0 Ski\u00ebn vind ik<\/span> <\/span><\/span><span style=\"font-size: 14pt;\">geweldig en dan vooral de zwarte piste. Ik zit dan ook bij de club voor freestyle ski\u00ebn &#8220;De Snowriders&#8221; en dan vooral het Mogul ski\u00ebn daarmee trainen we in het Montana Snowcenter in Westerhoven en in de zomer op de waterschans in Aqua Best. Ook ga ik regelmatig op trainingskamp geweest in Idre Fjall in Zweden, in het Duitse Bad Weissee, het Oostenrijkse Obertaurn en in Levi in noord Finland en Airola en Zwitserland. Ik zat ook op<\/span><span style=\"font-size: 12pt;\"><span style=\"font-size: 14pt;\">\u00a0Judo bij sportschool &#8220;Coach&#8221; in Waalre<\/span><\/span><span style=\"font-size: 14pt;\">.<\/span><span style=\"font-size: 14pt;\"> Hier ben ik mee gestopt toen ik de gele band had behaald. Als teamsport deed\u00a0 ik aan hockey maar daar ben ik ivm tijdgebrek mee gestopt.<\/span><\/span><\/p>\n<p style=\"text-align: left;\"><span style=\"font-family: arial, helvetica, sans-serif; font-size: 14pt; color: #000000;\">Voor een vergroting, klik op de foto.<\/span><\/p>\n<\/td>\n<\/tr>\n<\/tbody>\n<\/table>\n<table>\n<tbody>\n<tr>\n<td>\n<p><figure id=\"attachment_12791\" aria-describedby=\"caption-attachment-12791\" style=\"width: 150px\" class=\"wp-caption alignnone\"><a href=\"https:\/\/padevage.nl\/wp-content\/uploads\/2023\/02\/IMG-20221029-WA0000.jpg\"><img loading=\"lazy\" decoding=\"async\" class=\"wp-image-12791 size-thumbnail\" src=\"https:\/\/padevage.nl\/wp-content\/uploads\/2023\/02\/IMG-20221029-WA0000-150x150.jpg\" alt=\"\" width=\"150\" height=\"150\" \/><\/a><figcaption id=\"caption-attachment-12791\" class=\"wp-caption-text\"><span style=\"color: #000000;\">Het groepje waarmee ik naar Idre Fjall in Zweden ben geweest.<\/span><\/figcaption><\/figure><\/td>\n<td>\n<p><figure id=\"attachment_12774\" aria-describedby=\"caption-attachment-12774\" style=\"width: 150px\" class=\"wp-caption alignnone\"><a href=\"https:\/\/padevage.nl\/wp-content\/uploads\/2023\/02\/IMG-20221027-WA0004.jpg\"><img loading=\"lazy\" decoding=\"async\" class=\"wp-image-12774 size-thumbnail\" src=\"https:\/\/padevage.nl\/wp-content\/uploads\/2023\/02\/IMG-20221027-WA0004-150x150.jpg\" alt=\"\" width=\"150\" height=\"150\" \/><\/a><figcaption id=\"caption-attachment-12774\" class=\"wp-caption-text\"><span style=\"color: #000000;\">Hier op de piste in het Zweedse Idre Fjall<\/span><\/figcaption><\/figure><\/td>\n<td>\n<p><figure id=\"attachment_12802\" aria-describedby=\"caption-attachment-12802\" style=\"width: 150px\" class=\"wp-caption alignnone\"><a href=\"https:\/\/padevage.nl\/wp-content\/uploads\/2023\/02\/VID-20220801-WA0000_Moment-opname-van-ole-uitsnede.jpg\"><img loading=\"lazy\" decoding=\"async\" class=\"wp-image-12802 size-thumbnail\" src=\"https:\/\/padevage.nl\/wp-content\/uploads\/2023\/02\/VID-20220801-WA0000_Moment-opname-van-ole-uitsnede-150x150.jpg\" alt=\"\" width=\"150\" height=\"150\" \/><\/a><figcaption id=\"caption-attachment-12802\" class=\"wp-caption-text\"><span style=\"color: #000000;\">Hier oefenen we de afsprong van een schans op de waterschans van Ekkersweijer in Best.<\/span><\/figcaption><\/figure><\/td>\n<td>\n<p><figure id=\"attachment_8303\" aria-describedby=\"caption-attachment-8303\" style=\"width: 150px\" class=\"wp-caption alignnone\"><a href=\"https:\/\/www.padevage.nl\/wp-content\/uploads\/2018\/09\/IMG-20180922-WA0004.jpg\"><img loading=\"lazy\" decoding=\"async\" class=\"wp-image-8303 size-thumbnail\" src=\"https:\/\/www.padevage.nl\/wp-content\/uploads\/2018\/09\/IMG-20180922-WA0004-150x150.jpg\" alt=\"\" width=\"150\" height=\"150\" \/><\/a><figcaption id=\"caption-attachment-8303\" class=\"wp-caption-text\"><span style=\"color: #000000;\">En hier met mijn Hockeyteam DVS in Aalst<\/span><\/figcaption><\/figure><\/td>\n<\/tr>\n<\/tbody>\n<\/table>\n<table style=\"height: 46px;\" width=\"556\">\n<tbody>\n<tr>\n<td style=\"border-color: #d4d2d2;\">\u00a0<a href=\"https:\/\/www.padevage.nl\/?page_id=5443\"><img loading=\"lazy\" decoding=\"async\" class=\"size-full wp-image-5725 aligncenter\" src=\"https:\/\/www.padevage.nl\/wp-content\/uploads\/2016\/06\/pijl-gif-links.gif\" alt=\"pijl--gif-links\" width=\"50\" height=\"25\" \/><\/a><\/td>\n<\/tr>\n<\/tbody>\n<\/table>\n<table style=\"height: 31px;\" width=\"925\">\n<tbody>\n<tr>\n<td style=\"border-color: #d4d2d2;\"><a href=\"https:\/\/www.padevage.nl\/wp-content\/uploads\/2015\/09\/LIJN-KARLSBADER.gif\"><img loading=\"lazy\" decoding=\"async\" class=\"alignnone wp-image-1643 \" src=\"https:\/\/www.padevage.nl\/wp-content\/uploads\/2015\/09\/LIJN-KARLSBADER.gif\" alt=\"LIJN KARLSBADER\" width=\"852\" height=\"43\" \/><\/a><\/td>\n<\/tr>\n<\/tbody>\n<\/table>\n","protected":false},"excerpt":{"rendered":"<p>Hallo iedereen Ik ben Ole. Ik ben 13 jaar en ik heb geen echte hobby, laat staan hobby&#8217;s. Ik doe wel aan sport.\u00a0 Ski\u00ebn vind ik geweldig en dan vooral de zwarte piste. Ik zit dan ook bij de club voor freestyle ski\u00ebn &#8220;De Snowriders&#8221; en dan vooral het Mogul ski\u00ebn daarmee trainen we in&hellip;<\/p>\n","protected":false},"author":1,"featured_media":0,"parent":0,"menu_order":0,"comment_status":"closed","ping_status":"closed","template":"fullwidth.php","meta":{"footnotes":""},"class_list":["post-5620","page","type-page","status-publish","hentry"],"_links":{"self":[{"href":"https:\/\/padevage.nl\/index.php?rest_route=\/wp\/v2\/pages\/5620","targetHints":{"allow":["GET"]}}],"collection":[{"href":"https:\/\/padevage.nl\/index.php?rest_route=\/wp\/v2\/pages"}],"about":[{"href":"https:\/\/padevage.nl\/index.php?rest_route=\/wp\/v2\/types\/page"}],"author":[{"embeddable":true,"href":"https:\/\/padevage.nl\/index.php?rest_route=\/wp\/v2\/users\/1"}],"replies":[{"embeddable":true,"href":"https:\/\/padevage.nl\/index.php?rest_route=%2Fwp%2Fv2%2Fcomments&post=5620"}],"version-history":[{"count":38,"href":"https:\/\/padevage.nl\/index.php?rest_route=\/wp\/v2\/pages\/5620\/revisions"}],"predecessor-version":[{"id":16240,"href":"https:\/\/padevage.nl\/index.php?rest_route=\/wp\/v2\/pages\/5620\/revisions\/16240"}],"wp:attachment":[{"href":"https:\/\/padevage.nl\/index.php?rest_route=%2Fwp%2Fv2%2Fmedia&parent=5620"}],"curies":[{"name":"wp","href":"https:\/\/api.w.org\/{rel}","templated":true}]}}