{"id":377,"date":"2015-09-13T09:07:12","date_gmt":"2015-09-13T09:07:12","guid":{"rendered":"http:\/\/www.padevage.nl\/?page_id=377"},"modified":"2016-02-16T19:00:15","modified_gmt":"2016-02-16T19:00:15","slug":"mijn-mooiste-plekjes-in-europa","status":"publish","type":"page","link":"https:\/\/padevage.nl\/?page_id=377","title":{"rendered":"Mijn mooiste plekjes in"},"content":{"rendered":"<table style=\"height: 320px;\" width=\"1000\">\n<tbody>\n<tr>\n<td style=\"border-color: #000000; background-color: #000000;\"><span style=\"color: #000000;\">)ooooooooo<\/span><\/p>\n<p><span style=\"color: #000000;\">o<\/span><\/td>\n<td style=\"border-color: #000000; background-color: #000000;\"><span style=\"color: #000000;\">ooooooooooooooooooooooooo\u00a0<\/span><\/td>\n<td style=\"border-color: #000000; background-color: #000000;\"><span style=\"color: #000000;\">oooooooooo\u00a0<\/span><\/td>\n<td style=\"border-color: #000000; background-color: #000000;\"><span style=\"color: #000000;\">ooooooooooooooooooooooooo\u00a0<\/span><\/td>\n<td style=\"border-color: #000000; background-color: #000000;\"><span style=\"color: #000000;\">oooooooooo\u00a0<\/span><\/td>\n<\/tr>\n<tr>\n<td style=\"border-color: #000000; background-color: #000000;\"><\/td>\n<td style=\"border-color: #000000; background-color: #000000;\"><\/td>\n<td style=\"border-color: #000000; background-color: #000000;\"><\/td>\n<td style=\"border-color: #000000; background-color: #000000;\"><\/td>\n<td style=\"border-color: #000000; background-color: #000000;\"><\/td>\n<\/tr>\n<tr>\n<td style=\"border-color: #000000; background-color: #000000;\" colspan=\"5\">\u00a0\u00a0<a href=\"https:\/\/www.padevage.nl\/wp-content\/uploads\/2016\/01\/europa.jpg\" rel=\"attachment wp-att-4569\"><img loading=\"lazy\" decoding=\"async\" class=\"alignnone wp-image-4569\" src=\"https:\/\/www.padevage.nl\/wp-content\/uploads\/2016\/01\/europa.jpg\" alt=\"europa\" width=\"1105\" height=\"105\" srcset=\"https:\/\/padevage.nl\/wp-content\/uploads\/2016\/01\/europa.jpg 3364w, https:\/\/padevage.nl\/wp-content\/uploads\/2016\/01\/europa-300x28.jpg 300w, https:\/\/padevage.nl\/wp-content\/uploads\/2016\/01\/europa-768x73.jpg 768w, https:\/\/padevage.nl\/wp-content\/uploads\/2016\/01\/europa-1024x97.jpg 1024w\" sizes=\"auto, (max-width: 1105px) 100vw, 1105px\" \/><\/a><\/td>\n<\/tr>\n<\/tbody>\n<\/table>\n<table style=\"height: 255px;\" width=\"886\">\n<tbody>\n<tr>\n<td style=\"background-color: #000000; border-color: #000000;\"><\/td>\n<td style=\"border-color: #000000; text-align: left; padding-left: 30px; background-color: #7f46ab;\"><span style=\"color: #ffffff; font-family: comic sans ms,sans-serif; font-size: 16pt;\"><a href=\"https:\/\/www.padevage.nl\/?page_id=791\"><span style=\"color: #ffffff;\">Cinque Terre (Italie)<\/span><\/a><\/span><\/td>\n<td style=\"border-color: #000000; background-color: #000000;\"><\/td>\n<td style=\"border-color: #000000; text-align: left; padding-left: 30px; background-color: #7f46ab;\"><span style=\"color: #ffffff; font-size: 16pt;\"><a style=\"color: #ffffff;\" href=\"https:\/\/www.padevage.nl\/?page_id=787\">Rome (Italie)<\/a><\/span><\/td>\n<td style=\"border-color: #000000; background-color: #000000;\"><\/td>\n<\/tr>\n<tr>\n<td style=\"background-color: #000000; border-color: #000000;\"><\/td>\n<td style=\"border-color: #000000; background-color: #000000;\"><\/td>\n<td style=\"border-color: #000000; background-color: #000000;\"><\/td>\n<td style=\"border-color: #000000; background-color: #000000;\"><\/td>\n<td style=\"border-color: #000000; background-color: #000000;\"><\/td>\n<\/tr>\n<tr>\n<td style=\"background-color: #000000; border-color: #000000;\"><\/td>\n<td style=\"border-color: #000000; text-align: left; padding-left: 30px; background-color: #7f46ab;\"><span style=\"color: #ffffff; font-size: 16pt;\"><a style=\"color: #ffffff;\" href=\"https:\/\/www.padevage.nl\/?page_id=745\">Kroati\u00eb<\/a><\/span><\/td>\n<td style=\"border-color: #000000; background-color: #000000;\"><\/td>\n<td style=\"border-color: #000000; text-align: left; padding-left: 30px; background-color: #7f46ab;\"><span style=\"color: #ffffff; font-size: 16pt;\"><a style=\"color: #ffffff;\" href=\"https:\/\/www.padevage.nl\/?page_id=712\">Oostenrijk<\/a><\/span><\/td>\n<td style=\"border-color: #000000; background-color: #000000;\"><\/td>\n<\/tr>\n<tr>\n<td style=\"background-color: #000000; border-color: #000000;\"><\/td>\n<td style=\"border-color: #000000; background-color: #000000;\"><\/td>\n<td style=\"border-color: #000000; background-color: #000000;\"><\/td>\n<td style=\"border-color: #000000; background-color: #000000;\"><\/td>\n<td style=\"border-color: #000000; background-color: #000000;\"><\/td>\n<\/tr>\n<tr>\n<td style=\"background-color: #000000; border-color: #000000;\"><\/td>\n<td style=\"border-color: #000000; text-align: left; padding-left: 30px; background-color: #7f46ab;\"><span style=\"color: #ffffff; font-size: 16pt;\"><a style=\"color: #ffffff;\" href=\"https:\/\/www.padevage.nl\/?page_id=696\">Noorwegen<\/a><\/span><\/td>\n<td style=\"border-color: #000000; background-color: #000000;\"><\/td>\n<td style=\"border-color: #000000; text-align: left; padding-left: 30px; background-color: #7f46ab;\"><span style=\"color: #ffffff; font-size: 16pt;\"><a style=\"color: #ffffff;\" href=\"https:\/\/www.padevage.nl\/?page_id=823\">Italie<\/a><\/span><\/td>\n<td style=\"border-color: #000000; background-color: #000000;\"><\/td>\n<\/tr>\n<tr>\n<td style=\"background-color: #000000; border-color: #000000;\"><\/td>\n<td style=\"border-color: #000000; background-color: #000000;\"><\/td>\n<td style=\"border-color: #000000; background-color: #000000;\"><\/td>\n<td style=\"border-color: #000000; background-color: #000000;\"><\/td>\n<td style=\"border-color: #000000; background-color: #000000;\"><\/td>\n<\/tr>\n<tr>\n<td style=\"background-color: #000000; border-color: #000000;\"><\/td>\n<td style=\"border-color: #000000; text-align: left; padding-left: 30px; background-color: #7f46ab;\"><span style=\"color: #ffffff; font-size: 16pt;\"><a style=\"color: #ffffff;\" href=\"https:\/\/www.padevage.nl\/?page_id=3359\">Tsjechi\u00eb<\/a><\/span><\/td>\n<td style=\"border-color: #000000; background-color: #000000;\"><\/td>\n<td style=\"border-color: #000000; text-align: left; padding-left: 30px; background-color: #7f46ab;\"><span style=\"color: #ffffff; font-size: 16pt;\"><a style=\"color: #ffffff;\" href=\"https:\/\/www.padevage.nl\/?page_id=4496\">Frankrijk<\/a><\/span><\/td>\n<td style=\"border-color: #000000; background-color: #000000;\"><\/td>\n<\/tr>\n<tr>\n<td style=\"background-color: #000000; border-color: #000000;\"><\/td>\n<td style=\"border-color: #000000; background-color: #000000;\"><\/td>\n<td style=\"border-color: #000000; background-color: #000000;\"><\/td>\n<td style=\"border-color: #000000; background-color: #000000;\"><\/td>\n<td style=\"border-color: #000000; background-color: #000000;\"><\/td>\n<\/tr>\n<tr>\n<td style=\"background-color: #000000; border-color: #000000;\"><\/td>\n<td style=\"border-color: #000000; text-align: left; padding-left: 30px; background-color: #7f46ab;\"><span style=\"color: #ffffff; font-size: 16pt;\"><a style=\"color: #ffffff;\" href=\"https:\/\/www.padevage.nl\/?page_id=4513\">Luxemburg<\/a><\/span><\/td>\n<td style=\"border-color: #000000; background-color: #000000;\"><\/td>\n<td style=\"border-color: #000000; text-align: left; padding-left: 30px; background-color: #7f46ab;\"><span style=\"color: #ffffff; font-size: 16pt;\"><a href=\"https:\/\/www.padevage.nl\/?page_id=4836\"><span style=\"color: #ffffff;\">Frankrijk (Normandi\u00eb)<\/span><\/a><\/span><\/td>\n<td style=\"border-color: #000000; background-color: #000000;\"><\/td>\n<\/tr>\n<tr>\n<td style=\"background-color: #000000; border-color: #000000;\"><\/td>\n<td style=\"border-color: #000000; background-color: #000000;\"><\/td>\n<td style=\"border-color: #000000; background-color: #000000;\"><\/td>\n<td style=\"border-color: #000000; background-color: #000000;\"><\/td>\n<td style=\"border-color: #000000; background-color: #000000;\"><\/td>\n<\/tr>\n<tr>\n<td style=\"background-color: #000000; border-color: #000000;\"><\/td>\n<td style=\"border-color: #000000; text-align: left; padding-left: 30px; background-color: #7f46ab;\">\u00a0<a href=\"https:\/\/www.padevage.nl\/?page_id=4685\"><span style=\"color: #ffffff; font-size: 16pt;\">Duitsland<\/span><\/a><\/td>\n<td style=\"border-color: #000000; background-color: #000000;\"><\/td>\n<td style=\"border-color: #000000; text-align: left; padding-left: 30px; background-color: #7f46ab;\"><span style=\"color: #ffffff; font-size: 16pt;\"><span style=\"color: #ffffff;\"><a href=\"https:\/\/www.padevage.nl\/?page_id=738\"><span style=\"color: #ffffff;\">Rugen (voormalige DDR)<\/span><\/a><\/span><\/span><\/td>\n<td style=\"border-color: #000000; background-color: #000000;\"><\/td>\n<\/tr>\n<tr>\n<td style=\"background-color: #000000; border-color: #000000;\"><\/td>\n<td style=\"border-color: #000000; background-color: #000000;\"><\/td>\n<td style=\"border-color: #000000; background-color: #000000;\"><\/td>\n<td style=\"border-color: #000000; background-color: #000000;\"><\/td>\n<td style=\"border-color: #000000; background-color: #000000;\"><\/td>\n<\/tr>\n<tr>\n<td style=\"background-color: #000000; border-color: #000000;\"><\/td>\n<td style=\"border-color: #000000; background-color: #7f46ab;\"><\/td>\n<td style=\"border-color: #000000; background-color: #000000;\"><\/td>\n<td style=\"border-color: #000000; background-color: #7f46ab;\"><\/td>\n<td style=\"border-color: #000000; background-color: #000000;\"><\/td>\n<\/tr>\n<tr>\n<td style=\"background-color: #000000; border-color: #000000;\"><\/td>\n<td style=\"border-color: #000000; background-color: #000000;\"><\/td>\n<td style=\"border-color: #000000; background-color: #000000;\"><\/td>\n<td style=\"border-color: #000000; background-color: #000000;\"><\/td>\n<td style=\"border-color: #000000; background-color: #000000;\"><\/td>\n<\/tr>\n<tr>\n<td style=\"background-color: #000000; border-color: #000000;\"><\/td>\n<td style=\"border-color: #000000; background-color: #7f46ab;\"><\/td>\n<td style=\"border-color: #000000; background-color: #000000;\"><\/td>\n<td style=\"border-color: #000000; background-color: #7f46ab;\"><\/td>\n<td style=\"border-color: #000000; background-color: #000000;\"><\/td>\n<\/tr>\n<tr>\n<td style=\"background-color: #000000; border-color: #000000;\"><\/td>\n<td style=\"border-color: #000000; background-color: #000000;\"><\/td>\n<td style=\"border-color: #000000; background-color: #000000;\"><\/td>\n<td style=\"border-color: #000000; background-color: #000000;\"><\/td>\n<td style=\"border-color: #000000; background-color: #000000;\"><\/td>\n<\/tr>\n<tr>\n<td style=\"background-color: #000000; border-color: #000000;\"><\/td>\n<td style=\"border-color: #000000; background-color: #000000;\"><\/td>\n<td style=\"border-color: #000000; background-color: #000000;\"><\/td>\n<td style=\"border-color: #000000; background-color: #000000;\"><\/td>\n<td style=\"border-color: #000000; background-color: #000000;\"><\/td>\n<\/tr>\n<tr>\n<td style=\"background-color: #000000; border-color: #000000;\"><\/td>\n<td style=\"border-color: #000000; background-color: #000000;\"><\/td>\n<td style=\"border-color: #000000; background-color: #000000;\"><\/td>\n<td style=\"border-color: #000000; background-color: #000000;\"><\/td>\n<td style=\"border-color: #000000; background-color: #000000;\"><\/td>\n<\/tr>\n<tr>\n<td style=\"background-color: #000000; border-color: #000000;\"><span style=\"color: #000000;\">oooooooooo<\/span><\/td>\n<td style=\"border-color: #000000; background-color: #000000;\"><span style=\"color: #000000;\">ooooooooooooooooooooooooo<\/span><\/td>\n<td style=\"border-color: #000000; background-color: #000000;\"><span style=\"color: #000000;\">oooooooooo<\/span><\/td>\n<td style=\"border-color: #000000; background-color: #000000;\"><span style=\"color: #000000;\">ooooooooooooooooooooooooo<\/span><\/td>\n<td style=\"border-color: #000000; background-color: #000000;\"><span style=\"color: #000000;\">oooooooooo<\/span><\/td>\n<\/tr>\n<\/tbody>\n<\/table>\n<table style=\"height: 304px;\" width=\"58\">\n<tbody>\n<tr>\n<td style=\"border-color: #000000; background-color: #000000;\"><\/td>\n<\/tr>\n<tr>\n<td style=\"border-color: #000000; background-color: #000000;\"><\/td>\n<\/tr>\n<tr>\n<td style=\"border-color: #000000; background-color: #000000;\"><\/td>\n<\/tr>\n<tr>\n<td style=\"border-color: #000000; background-color: #000000;\"><\/td>\n<\/tr>\n<tr>\n<td style=\"border-color: #000000; background-color: #000000;\"><\/td>\n<\/tr>\n<tr>\n<td style=\"border-color: #000000; background-color: #000000;\"><\/td>\n<\/tr>\n<tr>\n<td style=\"border-color: #000000; background-color: #000000;\"><\/td>\n<\/tr>\n<tr>\n<td style=\"border-color: #000000; background-color: #000000;\"><\/td>\n<\/tr>\n<tr>\n<td style=\"border-color: #000000; background-color: #000000;\"><\/td>\n<\/tr>\n<tr>\n<td style=\"border-color: #000000; background-color: #000000;\"><\/td>\n<\/tr>\n<\/tbody>\n<\/table>\n<table>\n<tbody>\n<tr>\n<td>&nbsp;<\/p>\n<p>&nbsp;<\/td>\n<\/tr>\n<tr>\n<td>&nbsp;<\/p>\n<p>&nbsp;<\/td>\n<\/tr>\n<tr>\n<td>&nbsp;<\/p>\n<p>&nbsp;<\/td>\n<\/tr>\n<tr>\n<td>&nbsp;<\/p>\n<p>&nbsp;<\/td>\n<\/tr>\n<tr>\n<td>&nbsp;<\/p>\n<p>&nbsp;<\/td>\n<\/tr>\n<tr>\n<td>&nbsp;<\/p>\n<p>&nbsp;<\/td>\n<\/tr>\n<tr>\n<td>&nbsp;<\/p>\n<p>&nbsp;<\/td>\n<\/tr>\n<tr>\n<td>&nbsp;<\/p>\n<p>&nbsp;<\/td>\n<\/tr>\n<tr>\n<td>&nbsp;<\/p>\n<p>&nbsp;<\/td>\n<\/tr>\n<tr>\n<td>&nbsp;<\/p>\n<p>&nbsp;<\/td>\n<\/tr>\n<\/tbody>\n<\/table>\n<table>\n<tbody>\n<tr>\n<td>&nbsp;<\/p>\n<p>&nbsp;<\/td>\n<\/tr>\n<tr>\n<td>&nbsp;<\/p>\n<p>&nbsp;<\/td>\n<\/tr>\n<tr>\n<td>&nbsp;<\/p>\n<p>&nbsp;<\/td>\n<\/tr>\n<tr>\n<td>&nbsp;<\/p>\n<p>&nbsp;<\/td>\n<\/tr>\n<tr>\n<td>&nbsp;<\/p>\n<p>&nbsp;<\/td>\n<\/tr>\n<tr>\n<td>&nbsp;<\/p>\n<p>&nbsp;<\/td>\n<\/tr>\n<tr>\n<td>&nbsp;<\/p>\n<p>&nbsp;<\/td>\n<\/tr>\n<tr>\n<td>&nbsp;<\/p>\n<p>&nbsp;<\/td>\n<\/tr>\n<tr>\n<td>&nbsp;<\/p>\n<p>&nbsp;<\/td>\n<\/tr>\n<tr>\n<td>&nbsp;<\/p>\n<p>&nbsp;<\/td>\n<\/tr>\n<\/tbody>\n<\/table>\n<table>\n<tbody>\n<tr>\n<td>&nbsp;<\/p>\n<p>&nbsp;<\/td>\n<\/tr>\n<tr>\n<td>&nbsp;<\/p>\n<p>&nbsp;<\/td>\n<\/tr>\n<tr>\n<td>&nbsp;<\/p>\n<p>&nbsp;<\/td>\n<\/tr>\n<tr>\n<td>&nbsp;<\/p>\n<p>&nbsp;<\/td>\n<\/tr>\n<tr>\n<td><\/td>\n<\/tr>\n<tr>\n<td><\/td>\n<\/tr>\n<tr>\n<td><\/td>\n<\/tr>\n<tr>\n<td><\/td>\n<\/tr>\n<tr>\n<td><\/td>\n<\/tr>\n<tr>\n<td><\/td>\n<\/tr>\n<\/tbody>\n<\/table>\n<table>\n<tbody>\n<tr>\n<td><\/td>\n<\/tr>\n<tr>\n<td><\/td>\n<\/tr>\n<tr>\n<td><\/td>\n<\/tr>\n<tr>\n<td><\/td>\n<\/tr>\n<tr>\n<td><\/td>\n<\/tr>\n<tr>\n<td><\/td>\n<\/tr>\n<tr>\n<td><\/td>\n<\/tr>\n<tr>\n<td><\/td>\n<\/tr>\n<tr>\n<td><\/td>\n<\/tr>\n<tr>\n<td><\/td>\n<\/tr>\n<\/tbody>\n<\/table>\n","protected":false},"excerpt":{"rendered":"<p>)ooooooooo o ooooooooooooooooooooooooo\u00a0 oooooooooo\u00a0 ooooooooooooooooooooooooo\u00a0 oooooooooo\u00a0 \u00a0\u00a0 Cinque Terre (Italie) Rome (Italie) Kroati\u00eb Oostenrijk Noorwegen Italie Tsjechi\u00eb Frankrijk Luxemburg Frankrijk (Normandi\u00eb) \u00a0Duitsland Rugen (voormalige DDR) oooooooooo ooooooooooooooooooooooooo oooooooooo ooooooooooooooooooooooooo oooooooooo &nbsp; &nbsp; &nbsp; &nbsp; &nbsp; &nbsp; &nbsp; &nbsp; &nbsp; &nbsp; &nbsp; &nbsp; &nbsp; &nbsp; &nbsp; &nbsp; &nbsp; &nbsp; &nbsp; &nbsp; &nbsp; &nbsp; &nbsp; &nbsp; &nbsp;&hellip;<\/p>\n","protected":false},"author":1,"featured_media":0,"parent":0,"menu_order":0,"comment_status":"closed","ping_status":"closed","template":"fullwidth.php","meta":{"footnotes":""},"class_list":["post-377","page","type-page","status-publish","hentry"],"_links":{"self":[{"href":"https:\/\/padevage.nl\/index.php?rest_route=\/wp\/v2\/pages\/377","targetHints":{"allow":["GET"]}}],"collection":[{"href":"https:\/\/padevage.nl\/index.php?rest_route=\/wp\/v2\/pages"}],"about":[{"href":"https:\/\/padevage.nl\/index.php?rest_route=\/wp\/v2\/types\/page"}],"author":[{"embeddable":true,"href":"https:\/\/padevage.nl\/index.php?rest_route=\/wp\/v2\/users\/1"}],"replies":[{"embeddable":true,"href":"https:\/\/padevage.nl\/index.php?rest_route=%2Fwp%2Fv2%2Fcomments&post=377"}],"version-history":[{"count":50,"href":"https:\/\/padevage.nl\/index.php?rest_route=\/wp\/v2\/pages\/377\/revisions"}],"predecessor-version":[{"id":6368,"href":"https:\/\/padevage.nl\/index.php?rest_route=\/wp\/v2\/pages\/377\/revisions\/6368"}],"wp:attachment":[{"href":"https:\/\/padevage.nl\/index.php?rest_route=%2Fwp%2Fv2%2Fmedia&parent=377"}],"curies":[{"name":"wp","href":"https:\/\/api.w.org\/{rel}","templated":true}]}}